s of d.
11
Let m(g) = 2*g**3 - 4*g**2 - 3*g + 3. Let b = -5 - -19. Let u be b/3 - 14/21. List the prime factors of m(u).
5, 11
Let u = -134 + 389. Suppose 0 = -z - 14*z + u. Let k(i) = 6*i - 37. What are the prime factors of k(z)?
5, 13
Let c(k) = -k**2 + 8*k - 10. Let n be c(6). Suppose 2*g = i - 387, 0 = -i - n*i - 5*g + 1161. What are the prime factors of i?
3, 43
Let q(n) = 462*n**3 - 4*n**2 + 10*n + 9. List the prime factors of q(3).
3, 4159
Suppose 1377648 - 243872 = 60*b + 152*b. List the prime factors of b.
2, 7, 191
What are the prime factors of 1*-5 - (-31454 + 82)?
7, 4481
Suppose 17*p + 352 = 46. What are the prime factors of (p/(-4))/((-27)/(-2736))?
2, 3, 19
Suppose -148488 = -65986*p + 65982*p. What are the prime factors of p?
2, 3, 23, 269
Let w = 631 + -626. Let q(x) = 8*x**3 - 10*x**2 + 15*x + 24. List the prime factors of q(w).
3, 283
Let z(s) = -s**2 - 3*s + 30. Let q(o) = -11*o - 51. Let f be q(-5). What are the prime factors of z(f)?
2
Let n(t) = -21*t - 183. Let w be n(-9). Suppose w*b = 1187 + 2359. What are the prime factors of b?
3, 197
List the prime factors of (-14244)/(-11) - (-83)/913.
5, 7, 37
Suppose 29541 + 91356 = 21*w. List the prime factors of w.
3, 19, 101
Suppose 175*m = 163*m + 36. Suppose 0 = 2*j - m*r - 970, -3*r - 887 = -4*j + 1041. List the prime factors of j.
479
Let s(b) = b**2 - 7*b + 10. Let n be s(6). Suppose 4 = -6*z + n*z. What are the prime factors of -705*(z/4 - 4/(-24))?
5, 47
Let v(s) = 4*s**2 - 281*s + 56. Let u be v(70). Let a = 48 - -1. What are the prime factors of 427/a - 4/u?
3
Let q = -9010 + 15157. List the prime factors of q.
3, 683
Let r(s) = 10*s**3 + 5*s + 29. Let u be r(-4). Let k = u + 1237. List the prime factors of k.
2, 3, 101
Let h = 89 + -83. Suppose -l = h*l - 1855. What are the prime factors of l?
5, 53
Let n(g) = -14423*g**3 + 4*g**2 + 14826*g**3 - 5*g**2 + 2. What are the prime factors of n(1)?
2, 101
Suppose -4*m - 241 - 3 = 0. Let f = m + 115. List the prime factors of 1/((-3)/(-404)) - 36/f.
2, 67
Let w = 2 - 1. Let l be -11*1 + 91/(26 + -19). Suppose -285 - w = -l*t. What are the prime factors of t?
11, 13
Let y(u) = u**2 + 246. Let p be y(0). Let m = -105 + 268. Let a = p - m. List the prime factors of a.
83
List the prime factors of ((-12)/(-10))/((-4)/(-10))*24823435/1365.
89, 613
Let d(o) = -7*o**3 - 28*o**2 - 35*o + 16. Let t(p) = 16*p**3 + 55*p**2 + 71*p - 30. Let u(y) = 7*d(y) + 3*t(y). What are the prime factors of u(-30)?
2, 41
Suppose 15098 = k - 29*t + 27*t, 3*t = 5*k - 75539. What are the prime factors of k?
2, 1889
Let b be 2100/6 - 0 - (0 + -4). Let i(o) = -o**2 + 199. Let t be i(0). Let h = b - t. List the prime factors of h.
5, 31
What are the prime factors of 7/35 + 7808757/215?
2, 5, 227
Suppose -5*b - 14*j - 7804 = -6*b, 0 = -5*b - 2*j + 38948. List the prime factors of b.
2, 5, 19, 41
Let j = 2 - -4. Let b(i) = 8*i + 1. Let q(d) = 9*d + 1. Let h(y) = -3*b(y) + 4*q(y). What are the prime factors of h(j)?
73
Let y be ((-70)/12)/7*-6. Suppose y*n - 7*n = -12. What are the prime factors of (12 - 36)*n/(-4)?
2, 3
Suppose 0 = k + k + 170. Let x = 314 - 1035. What are the prime factors of 17/k + 1 + x/(-5)?
5, 29
Let l(p) = 161*p**2 + 58*p - 637. What are the prime factors of l(9)?
2, 23, 281
Let a(v) = 7*v**2 + 62*v - 2. Suppose -4 + 34 = -f. Let z = 19 + f. List the prime factors of a(z).
163
Let q = 1044 + -1057. Let n(c) = -26 - 8*c - 8*c - 29. What are the prime factors of n(q)?
3, 17
Let x(t) = 3*t**2 - 16*t + 190. List the prime factors of x(12).
2, 5, 43
Let o(x) be the third derivative of -x**5/60 - 3*x**4/8 - 2*x**3 - 13*x**2. Let g be o(-7). Suppose g*u = -u + 165. List the prime factors of u.
5, 11
Let p = 363 - 442. Let i = p - -355. List the prime factors of i.
2, 3, 23
Let x = 1906 - -3950. List the prime factors of x.
2, 3, 61
Suppose 4*y - 2*p = 6, 10*p = -3*y + 7*p + 9. Suppose -z = -y*h + 1121, z - 383 - 185 = -h. What are the prime factors of h?
563
What are the prime factors of (-105)/14*(-1802 + 6)?
2, 3, 5, 449
Suppose -3*c + 3*l - 3 = 0, -8*c + 2*l = -13*c - 5. List the prime factors of 374*c/(-2)*2.
2, 11, 17
Suppose 5*q - 30804 - 22149 = -2*m, -42342 = -4*q - 5*m. List the prime factors of q.
3, 11, 107
Let k be -5 + -2 + 4 - 6/(-1). Let l be ((-6)/(-3))/8 - k/(-4). Suppose -26 + l = -m. What are the prime factors of m?
5
Suppose 9 = -3*y + 2*u + 17, -3*u - 12 = 4*y. Suppose y = 5*g + 10, -2*q + 4*g + 179 = -69. What are the prime factors of q?
2, 3, 5
Let u(o) = o**2 - 18*o + 23. Suppose 4*z - s = -91 - 6, 3*z + 2*s = -81. What are the prime factors of u(z)?
2, 3, 61
Suppose 10*l + 32*l = 84. Suppose 5*y + l*s - 2604 = 0, 5*y - 2*y = s + 1569. What are the prime factors of y?
2, 3, 29
Suppose 2*y + 0*n = 4*n + 368, 5*n - 219 = -y. Suppose -136 = 186*c - y*c. What are the prime factors of c?
17
Suppose 25249*n - 25239*n - 105010 = 0. What are the prime factors of n?
10501
Suppose -50 = 141*q - 136*q. Let i(r) = -2*r**3 - 6*r**2 - 13*r - 8. What are the prime factors of i(q)?
2, 761
Let z be (30/10)/(9/30306). What are the prime factors of z/18 + 8/252*-7?
3, 11, 17
Let i(m) = 2*m**2 + 303*m - 1160. What are the prime factors of i(86)?
2, 3, 5, 7
Let n = 20470 - 11554. List the prime factors of n.
2, 3, 743
Suppose -2916 = -13*g + 17221. Suppose 4*b - 5*l = 6146, -7*b + 8*b + 5*l = g. List the prime factors of b.
3, 19
Let o(a) = a**2 - 6*a**2 - 12 + 5 - 2 - a**3. Let i be o(-9). Suppose 9 - i = -6*v. What are the prime factors of v?
3, 17
Suppose 17*b - 627228 + 252939 = 0. List the prime factors of b.
3, 41, 179
What are the prime factors of (-633998)/(-50) + (-181)/(-4525)?
2, 5, 317
Suppose 14*j = -10*j - 19*j + 1591516. What are the prime factors of j?
2, 19, 487
Let v = 49 + -46. Suppose -v*f + 408 = -1152. Suppose -m + 0*m + 199 = 2*k, -5*k + 5*m + f = 0. What are the prime factors of k?
101
Let t = 93 - 84. Let d be 64/12 + 15/t. Suppose 784 = -d*p + 11*p. What are the prime factors of p?
2, 7
Let q(k) = 3*k**2 + 297*k + 811. List the prime factors of q(-132).
13879
Let r(o) be the third derivative of -o**6/120 + 5*o**5/12 + 4*o**4/3 - 8*o**3/3 - 44*o**2 - 2*o. List the prime factors of r(26).
2, 5, 7
Suppose -2*x = 3*z - 6*z - 249, 4*z = -3*x + 365. Let w = 85 + x. Suppose -4*d + 0*d + 2*k = -w, 3*d + k - 166 = 0. What are the prime factors of d?
2, 3
Suppose 0 = -5*b - 35, -45391 = -774*q + 772*q + 5*b. List the prime factors of q.
2, 17, 23, 29
Let u be 1 - (-138)/9 - (-10)/(-30). Let m = u + -11. Let t = m + 21. List the prime factors of t.
2, 13
Suppose 30*b - 22*b - 30128 = 0. Suppose 12*o - b = -2*o. What are the prime factors of o?
269
Suppose 95105 - 357609 = -45*p + 896561. List the prime factors of p.
43, 599
Suppose 4*u - u - 15 = 0. Suppose -b - 3*n = -244, 5*n + 318 + 802 = u*b. List the prime factors of b.
229
Suppose -106 = -46*w + 170. Suppose w*k - 1671 - 3243 = 0. List the prime factors of k.
3, 7, 13
Let z(j) = j**2 - 10*j + 3. Let h be z(10). Suppose 3*q + h*s + 228 = 24, -4*s = -q - 53. Let d = q + 282. What are the prime factors of d?
7, 31
Let w be (-902)/(-286) - 2/13. Suppose -w*u - 2*o + 975 = -5*o, u + o = 321. What are the prime factors of u?
17, 19
Let g(m) = m**2 + 11*m - 45. Let n be -6*1 + 2 - -7. Suppose 48 = n*t - 6*t. List the prime factors of g(t).
5, 7
Let m(n) be the second derivative of -n**3/6 - 7*n**2 + 14*n. Let g be m(-6). What are the prime factors of (g + 1)/((-1)/1)?
7
Let y be 34 + (-8)/(-6)*(-9)/6. Let s be 1/((-2)/(y - -4)). Let q = s + 23. What are the prime factors of q?
5
Suppose -35344 = -3*r + 4*a, 2*r - 853*a + 854*a - 23548 = 0. List the prime factors of r.
2, 23
Let b = -2157 - -1091. Let o = b + 2158. Suppose -2*t + 15*t - o = 0. What are the prime factors of t?
2, 3, 7
Let u = 41953 + -19957. What are the prime factors of u?
2, 3, 13, 47
Let r = -36819 - -56246. What are the prime factors of r?
19427
Let k(x) = -758*x - 5352. What are the prime factors of k(-14)?
2, 5, 263
Let d be 126742/(-294) + 8/84. Let c = 371 - d. What are the prime factors of c?
2, 401
Let k(g) = -11*g + 46. Let l be k(4). Suppose 0 = 3*a - 4*n - 928, n = l*a - 3*a + 314. List the prime factors of a.
2, 3, 13
Let m be (-1)/((-1)/2) + 0. Let p(i) be the second derivative of 13*i**4/